 10402181954 prime?
False
Is 10380397823 a prime number?
False
Is 10188353599 a composite number?
True
Is 2499547483 prime?
False
Is 9171318679 a prime number?
True
Is 1868103079 composite?
True
Is 3558900529 a prime number?
False
Is 1227132827 a prime number?
False
Is 5724774791 composite?
True
Is 30387493 a composite number?
True
Is 15444278989 prime?
True
Is 21088995409 a prime number?
False
Is 678639347 composite?
False
Is 141208037 a prime number?
True
Is 887013553 a composite number?
True
Is 700229909 a prime number?
True
Is 57644292577 prime?
True
Is 16740613493 composite?
False
Is 2391317603 composite?
False
Is 8581642933 a prime number?
True
Is 76631555461 prime?
True
Is 40444904923 prime?
False
Is 4475163551 composite?
False
Is 6086733539 a composite number?
False
Is 1251276373 a composite number?
False
Is 2230768697 prime?
True
Is 16387632427 composite?
True
Is 6677384201 a composite number?
False
Is 3511508758 prime?
False
Is 985425583 composite?
False
Is 39421960429 prime?
True
Is 599301163 a composite number?
False
Is 43365680483 a prime number?
True
Is 727553987 composite?
False
Is 534235501 a prime number?
False
Is 6647866213 a prime number?
False
Is 3343750999 composite?
True
Is 442262103 a prime number?
False
Is 22297225051 prime?
True
Is 52955880503 composite?
False
Is 17520701251 prime?
False
Is 81091749763 a composite number?
True
Is 8386929301 a prime number?
False
Is 31533713 composite?
True
Is 35812310657 a prime number?
False
Is 1969005383 prime?
True
Is 114916559 a composite number?
True
Is 70608311 composite?
True
Is 27498361703 composite?
True
Is 4237868123 a composite number?
True
Is 1585598611 prime?
False
Is 291951133 composite?
False
Is 33540384755 composite?
True
Is 13425963247 a prime number?
False
Is 19318016843 a composite number?
False
Is 11193562001 a composite number?
True
Is 4031229577 a composite number?
False
Is 91261297 prime?
True
Is 6104499173 a composite number?
False
Is 400617884777 prime?
False
Is 5270861857 a composite number?
True
Is 24647741869 a composite number?
True
Is 41465422967 composite?
False
Is 11022847483 a prime number?
False
Is 9407180785 a composite number?
True
Is 10574165081 prime?
True
Is 75942703 a composite number?
True
Is 10460746417 a composite number?
True
Is 2481696947 prime?
True
Is 20386765871 prime?
False
Is 2960714633 prime?
False
Is 35217572917 prime?
False
Is 155748144319 prime?
False
Is 557033729 a composite number?
True
Is 15690463 a composite number?
True
Is 12006278539 a prime number?
True
Is 254965109 composite?
True
Is 2117572991 prime?
False
Is 1458284785 a prime number?
False
Is 3149930621 a prime number?
True
Is 28799035009 prime?
False
Is 114363723 prime?
False
Is 3371640101 composite?
True
Is 336154655 prime?
False
Is 90648506387 prime?
True
Is 114188033 a composite number?
True
Is 868739467 a composite number?
False
Is 109873456181 composite?
False
Is 4965247883 a prime number?
False
Is 572666993 prime?
False
Is 5819646751 a composite number?
False
Is 571169453 a prime number?
False
Is 209290279 prime?
False
Is 6805602137 a prime number?
True
Is 6025855363 prime?
False
Is 3873747217 prime?
True
Is 3440173207 prime?
False
Is 2632371319 prime?
True
Is 243934063 prime?
True
Is 247491337 a prime number?
False
Is 174008867 a prime number?
False
Is 16000729781 a composite number?
False
Is 1462140851 composite?
False
Is 737809307 prime?
True
Is 15784745693 prime?
False
Is 3562812007 a prime number?
True
Is 2298862931 composite?
False
Is 4597656169 prime?
True
Is 1458133751 a prime number?
True
Is 916724147939 composite?
False
Is 10201243747 composite?
False
Is 11718826951 prime?
False
Is 710133821 a prime number?
True
Is 6296829119 a prime number?
False
Is 55219861 a prime number?
True
Is 1856963827 a composite number?
True
Is 445757711839 a prime number?
False
Is 2285048261 prime?
True
Is 58251885569 a composite number?
False
Is 514769861 a prime number?
False
Is 781878959 composite?
True
Is 49642460239 prime?
False
Is 15192237079 a composite number?
False
Is 1699509013 prime?
True
Is 4162789283 a prime number?
False
Is 7195883491 prime?
False
Is 14185271461 prime?
False
Is 717012763 a composite number?
False
Is 697658219 prime?
True
Is 101774858 prime?
False
Is 4778127271 prime?
True
Is 56856243149 a composite number?
True
Is 76203206449 a composite number?
True
Is 365665211 a prime number?
True
Is 15344299849 prime?
False
Is 4587932371 a prime number?
False
Is 6356723051 prime?
False
Is 4569337139 a composite number?
False
Is 8271486241 a composite number?
False
Is 50674584371 a composite number?
False
Is 354064501 prime?
False
Is 186220163 prime?
False
Is 1058863111 composite?
False
Is 2114910661 a prime number?
False
Is 7889119633 prime?
False
Is 4395322619 composite?
False
Is 19742950373 composite?
False
Is 8765989039 a composite number?
False
Is 13739146303 prime?
True
Is 11810376229 prime?
False
Is 8022389941 a prime number?
True
Is 13375240063 composite?
True
Is 63840769 prime?
False
Is 438323173 composite?
True
Is 1041507001 composite?
True
Is 3830354623 prime?
True
Is 1091261657 prime?
False
Is 4854641651 prime?
False
Is 1225486569727 prime?
False
Is 277088459 composite?
True
Is 27997376117 prime?
False
Is 5423651 a composite number?
False
Is 1380610879 prime?
True
Is 31008904403 composite?
False
Is 1697065913 a prime number?
False
Is 50197202005 composite?
True
Is 2962083469 a prime number?
True
Is 650063429 composite?
True
Is 624425701 prime?
False
Is 78289153 prime?
True
Is 18995202553 prime?
True
Is 25473814981 a prime number?
False
Is 1234722493 composite?
False
Is 2588107843 composite?
False
Is 2712166747 prime?
False
Is 7908843031 a composite number?
True
Is 20782747411 composite?
False
Is 1097138993 composite?
True
Is 11351073817 a prime number?
False
Is 1561757099 prime?
False
Is 879328369 composite?
False
Is 769492289 composite?
False
Is 14722076597 composite?
True
Is 88083992569 a prime number?
True
Is 640524377 a prime number?
True
Is 546986533 composite?
True
Is 378770239 composite?
False
Is 18891023 a composite number?
False
Is 60630492347 composite?
True
Is 4499578883 a prime number?
True
Is 3209390449 composite?
False
Is 943956751 a composite number?
False
Is 23802913 prime?
True
Is 4496900773 a prime number?
True
Is 200666047 composite?
True
Is 2994625489 a prime number?
True
Is 90311927 composite?
False
Is 656973293 composite?
True
Is 44949072443 a composite number?
True
Is 5449848851 prime?
True
Is 19454256223 prime?
False
Is 146311140715 composite?
True
Is 12326763793 prime?
False
Is 173604192367 a prime number?
False
Is 7475731639 a composite number?
False
Is 262525697 prime?
False
Is 228170447933 a composite number?
True
Is 20644592289 a prime number?
False
Is 889901741 composite?
True
Is 1603653547 composite?
True
Is 4463151283 a composite number?
False
Is 1220041829 a prime number?
True
Is 1253092849 prime?
False
Is 30640313551 prime?
False
Is 26837147299 a prime number?
False
Is 3032367041 prime?
False
Is 48424289 a prime number?
False
Is 22771966057 a composite number?
True
Is 167478827693 composite?
True
Is 303854087 a prime number?
True
Is 10544404187 composite?
False
Is 1317977483 a composite number?
False
Is 20076029447 a composite number?
False
Is 6838959899 prime?
True
Is 9929817509 composite?
False
Is 304956181 composite?
False
Is 37123442413 a composite number?
True
Is 496825621 composite?
False
Is 7134796399 a prime number?
False
Is 4089198847 a prime number?
False
Is 32934337361 composite?
True
Is 14161629593 a composite number?
False
Is 8412648623 prime?
False
Is 2201761489 composite?
False
Is 1077609001 composite?
True
Is 1495881133 a prime number?
False
Is 9405265721 composite?
False
Is 1155287543 a prime number?
True
Is 2392831963 composite?
True
Is 627869183 a prime number?
True
Is 3120250883 a prime number?
False
Is 3510006041 composite?
False
Is 237390999 prime?
False
Is 407459747 prime?
True
Is 1065642031 prime?
False
Is 10692065647 composite?
True
Is 4968374849 a composite number?
False
Is 298970915533 a composite number?
True
Is 157880854013 prime?
False
Is 33299221 composite?
True
Is 13160011921 a prime number?
False
Is 1723277243 a prime number?
True
Is 2564896483 a prime number?
True
Is 2424331717